ided by 68.
64
What is the remainder when 34391 is divided by 34384?
7
What is the remainder when 20445 is divided by 6791?
72
Calculate the remainder when 12477 is divided by 192.
189
Calculate the remainder when 110286 is divided by 976.
974
Calculate the remainder when 43146 is divided by 50.
46
What is the remainder when 172 is divided by 172?
0
What is the remainder when 4486 is divided by 262?
32
What is the remainder when 147688 is divided by 147657?
31
What is the remainder when 56785 is divided by 14196?
1
Calculate the remainder when 7382 is divided by 93.
35
Calculate the remainder when 6991 is divided by 390.
361
What is the remainder when 18729 is divided by 160?
9
Calculate the remainder when 6481 is divided by 120.
1
What is the remainder when 864063 is divided by 56?
39
What is the remainder when 596935 is divided by 664?
663
What is the remainder when 85835 is divided by 38?
31
Calculate the remainder when 807 is divided by 74.
67
Calculate the remainder when 10031 is divided by 1091.
212
What is the remainder when 5119 is divided by 1273?
27
What is the remainder when 323806 is divided by 29?
21
Calculate the remainder when 167397 is divided by 270.
267
What is the remainder when 10250 is divided by 39?
32
Calculate the remainder when 69410 is divided by 11568.
2
Calculate the remainder when 46588 is divided by 118.
96
Calculate the remainder when 134574 is divided by 16808.
110
What is the remainder when 57235 is divided by 329?
318
Calculate the remainder when 841496 is divided by 250.
246
What is the remainder when 262053 is divided by 183?
180
Calculate the remainder when 1067 is divided by 473.
121
What is the remainder when 291520 is divided by 97172?
4
What is the remainder when 792 is divided by 463?
329
Calculate the remainder when 5911 is divided by 2945.
21
What is the remainder when 1203 is divided by 197?
21
Calculate the remainder when 126935 is divided by 2226.
53
What is the remainder when 10156 is divided by 71?
3
Calculate the remainder when 58162 is divided by 8308.
6
Calculate the remainder when 28722 is divided by 378.
372
What is the remainder when 358566 is divided by 152?
150
What is the remainder when 10496 is divided by 13?
5
What is the remainder when 16403 is divided by 57?
44
Calculate the remainder when 982 is divided by 25.
7
Calculate the remainder when 37089 is divided by 11978.
1155
Calculate the remainder when 3082 is divided by 1475.
132
What is the remainder when 54813 is divided by 27397?
19
Calculate the remainder when 626 is divided by 129.
110
Calculate the remainder when 7513 is divided by 2488.
49
What is the remainder when 13304 is divided by 29?
22
Calculate the remainder when 2567 is divided by 470.
217
What is the remainder when 195027 is divided by 629?
37
Calculate the remainder when 44273 is divided by 314.
313
Calculate the remainder when 11870 is divided by 5931.
8
Calculate the remainder when 775 is divided by 95.
15
Calculate the remainder when 8220 is divided by 683.
24
Calculate the remainder when 3189 is divided by 128.
117
Calculate the remainder when 2781 is divided by 1213.
355
Calculate the remainder when 13956 is divided by 2326.
0
What is the remainder when 82769 is divided by 27586?
11
Calculate the remainder when 62196 is divided by 7.
1
What is the remainder when 9325 is divided by 170?
145
Calculate the remainder when 12794 is divided by 511.
19
What is the remainder when 123404 is divided by 57?
56
Calculate the remainder when 4510 is divided by 451.
0
Calculate the remainder when 7615 is divided by 19.
15
Calculate the remainder when 19576 is divided by 267.
85
What is the remainder when 21840 is divided by 7276?
12
What is the remainder when 15085 is divided by 77?
70
What is the remainder when 52917 is divided by 155?
62
Calculate the remainder when 44117 is divided by 549.
197
Calculate the remainder when 964 is divided by 375.
214
Calculate the remainder when 29919 is divided by 14957.
5
Calculate the remainder when 235182 is divided by 139.
133
Calculate the remainder when 5903 is divided by 331.
276
What is the remainder when 70408 is divided by 46?
28
What is the remainder when 121282 is divided by 266?
252
What is the remainder when 616750 is divided by 44053?
8
Calculate the remainder when 128439 is divided by 15.
9
What is the remainder when 17304 is divided by 394?
362
Calculate the remainder when 519307 is divided by 823.
817
Calculate the remainder when 23091 is divided by 4618.
1
Calculate the remainder when 46560 is divided by 9.
3
What is the remainder when 111744 is divided by 37244?
12
What is the remainder when 951176 is divided by 661?
658
Calculate the remainder when 2371 is divided by 29.
22
What is the remainder when 924727 is divided by 153?
148
Calculate the remainder when 8754 is divided by 70.
4
What is the remainder when 2203 is divided by 415?
128
What is the remainder when 15669 is divided by 4514?
2127
What is the remainder when 1028 is divided by 540?
488
Calculate the remainder when 2048 is divided by 207.
185
Calculate the remainder when 766 is divided by 685.
81
Calculate the remainder when 357880 is divided by 646.
642
Calculate the remainder when 3795153 is divided by 91.
89
What is the remainder when 1536195 is divided by 506?
485
What is the remainder when 2440 is divided by 477?
55
Calculate the remainder when 60862 is divided by 317.
315
What is the remainder when 24154 is divided by 144?
106
Calculate the remainder when 3131 is divided by 6.
5
Calculate the remainder when 1013682 is divided by 164.
162
Calculate the remainder when 44374 is divided by 3.
1
Calculate the remainder when 20022 is divided by 2501.
14
Calculate the remainder when 10846 is divided by 10270.
576
Calculate the remainder when 2883 is divided by 148.
71
Calculate the remainder when 103425 is divided by 51.
48
What is the remainder when 24418 is divided by 14?
2
Calculate the remainder when 334 is divided by 42.
40
What is the remainder when 2697059 is divided by 424?
419
What is the remainder when 6621 is divided by 1245?
396
Calculate the remainder when 65500 is divided by 153.
16
Calculate the remainder when 4912 is divided by 338.
180
Calculate the remainder when 11197 is divided by 333.
208
What is the remainder when 114174 is divided by 11414?
34
Calculate the remainder when 224330 is divided by 112154.
22
Calculate the remainder when 254 is divided by 247.
7
What is the remainder when 955 is divided by 63?
10
What is the remainder when 50586 is divided by 1533?
1530
Calculate the remainder when 28015 is divided by 99.
97
What is the remainder when 233390 is divided by 14?
10
What is the remainder when 6976 is divided by 1222?
866
Calculate the remainder when 586 is divided by 155.
121
What is the remainder when 19464 is divided by 46?
6
Calculate the remainder when 138742 is divided by 36.
34
Calculate the remainder when 192630 is divided by 796.
794
Calculate the remainder when 12474 is divided by 32.
26
What is the remainder when 1168 is divided by 86?
50
What is the remainder when 60955 is divided by 15?
10
Calculate the remainder when 1205 is divided by 983.
222
Calculate the remainder when 5534 is divided by 90.
44
What is the remainder when 34258 is divided by 34230?
28
What is the remainder when 2007 is divided by 100?
7
What is the remainder when 18545 is divided by 371?
366
What is the remainder when 105922 is divided by 37?
28
What is the remainder when 107602 is divided by 928?
882
Calculate the remainder when 782 is divided by 263.
256
Calculate the remainder when 22628 is divided by 69.
65
Calculate the remainder when 642087 is divided by 7.
5
What is the remainder when 178704 is divided by 212?
200
Calculate the remainder when 7833 is divided by 2557.
162
What is the remainder when 10627 is divided by 5260?
107
What is the remainder when 964053 is divided by 63?
27
What is the remainder when 75887 is divided by 408?
407
Calculate the remainder when 7997 is divided by 333.
5
What is the remainder when 1510300 is divided by 1667?
1665
What is the remainder when 52311 is divided by 17429?
24
Calculate the remainder when 183929 is divided by 321.
317
What is the remainder when 4781 is divided by 1579?
44
What is the remaind